{"id":1853,"date":"2025-05-20T11:52:31","date_gmt":"2025-05-20T15:52:31","guid":{"rendered":"https:\/\/www.ramapo.edu\/eof-program\/?page_id=1853"},"modified":"2025-06-12T15:52:41","modified_gmt":"2025-06-12T19:52:41","slug":"puntos-destacados-del-programa-eof-ramapo-college","status":"publish","type":"page","link":"https:\/\/www.ramapo.edu\/eof-program\/puntos-destacados-del-programa-eof-ramapo-college\/","title":{"rendered":"Puntos Destacados del Programa EOF Ramapo College"},"content":{"rendered":"<p style=\"text-align: right;\"><em><a href=\"\/eof-program\/highlights\/\">View page in English<\/a><\/em><\/p>\n<p><a href=\"https:\/\/www.ramapo.edu\/eof-program\/wp-content\/uploads\/sites\/20\/2016\/11\/20161103_111125-Andre-Turner.jpg\"><img loading=\"lazy\" decoding=\"async\" class=\"alignright wp-image-884 size-medium\" src=\"https:\/\/www.ramapo.edu\/eof-program\/wp-content\/uploads\/sites\/20\/2016\/11\/20161103_111125-Andre-Turner-225x300.jpg\" alt=\"Student advisor advises student on highlights of the EOF Program at Ramapo College | Consejero estudiantil asesora a estudiante en los puntos destacados del Programa EOF en Ramapo College\" width=\"225\" height=\"300\" srcset=\"https:\/\/www.ramapo.edu\/eof-program\/wp-content\/uploads\/sites\/20\/2016\/11\/20161103_111125-Andre-Turner-225x300.jpg 225w, https:\/\/www.ramapo.edu\/eof-program\/wp-content\/uploads\/sites\/20\/2016\/11\/20161103_111125-Andre-Turner-768x1024.jpg 768w\" sizes=\"auto, (max-width: 225px) 100vw, 225px\" \/><\/a><\/p>\n<h2>Desarrollo Estudiantil<\/h2>\n<p>Los Especialistas en Desarrollo Estudiantil del Programa EOF Ramapo ayudan a los estudiantes a dise\u00f1ar planes educativos compatibles con sus metas personales y profesionales. Adem\u00e1s, asesoran sobre c\u00f3mo adaptarse exitosamente a las demandas acad\u00e9micas y sociales de la vida universitaria.<\/p>\n<p>Todos nuestros asesores poseen t\u00edtulos avanzados en diversas \u00e1reas educativas. Se caracterizan por ser oyentes atentos, establecer v\u00ednculos de confianza con los estudiantes y aplicar estrategias que promuevan su crecimiento personal. Trabajan de manera integral abordando metas acad\u00e9micas, profesionales, financieras y personales\/sociales. Su enfoque incluye tanto la planificaci\u00f3n inmediata como a largo plazo, ayudando a gestionar situaciones urgentes.<\/p>\n<div class=\"divider\"><img decoding=\"async\" src=\"\/wp-content\/themes\/rcnjrd\/images\/icons\/ramapo-arch-icom_rule.png\" alt=\"Ramapo\" \/><\/div>\n<h2>Desarrollo Profesional<\/h2>\n<p>El Programa EOF Ramapo y el Cahill Center for Experiential Learning and Career Services colaboran para ofrecer a los estudiantes una ventaja competitiva en el mundo laboral. Sabemos que la educaci\u00f3n tiene un valor econ\u00f3mico importante, pero tambi\u00e9n que un t\u00edtulo de cuatro a\u00f1os no garantiza el \u00e9xito profesional. Por eso, promovemos la planificaci\u00f3n profesional desde el inicio de la vida universitaria.<\/p>\n<p>Entre los puntos destacados del Programa EOF Ramapo en esta \u00e1rea, se incluyen oportunidades y recursos para:<\/p>\n<ul>\n<li>Exploraci\u00f3n de carreras<\/li>\n<li>Programas de pr\u00e1cticas y cooperativas (co-ops)<\/li>\n<li>Mentor\u00edas profesionales<\/li>\n<li>Admisi\u00f3n a estudios de posgrado<\/li>\n<\/ul>\n<div class=\"collapsableContent\" tabindex=\"0\"><div class=\"collapsableTitle\"><span class=\"fa-stack\"><i class=\"fa fa-circle fa-stack-2x\"><\/i><i class=\"fa fa-chevron-down fa-stack-1x fa-inverse\"><\/i><i class=\"fa fa-chevron-up fa-stack-1x fa-inverse\"><\/i><\/span>Pr\u00e1cticas y Cooperativas (Co-ops)<\/div><div class=\"c_content\">\n<p>Participar en pr\u00e1cticas profesionales o programas cooperativos ofrece m\u00faltiples beneficios:<\/p>\n<ul>\n<li>Explorar y definir objetivos de carrera con profesionales del campo<\/li>\n<li>Desarrollar competencias clave y experiencia pr\u00e1ctica<\/li>\n<li>Obtener experiencia laboral que valoran los empleadores<\/li>\n<li>Asumir un rol activo en el aprendizaje<\/li>\n<li>Construir una red de contactos, mentores y referencias profesionales<\/li>\n<\/ul>\n<p>Los estudiantes EOF, junto con su asesor y el equipo del Cahill Center, son incentivados a incluir experiencias de co-op o internado para conectar lo aprendido en clase con la realidad profesional.<\/p>\n<\/div><\/div>\n<div class=\"collapsableContent\" tabindex=\"0\"><div class=\"collapsableTitle\"><span class=\"fa-stack\"><i class=\"fa fa-circle fa-stack-2x\"><\/i><i class=\"fa fa-chevron-down fa-stack-1x fa-inverse\"><\/i><i class=\"fa fa-chevron-up fa-stack-1x fa-inverse\"><\/i><\/span>Cursos de Desarrollo Acad\u00e9mico<\/div><div class=\"c_content\">\n<p>Seg\u00fan estudios nacionales, aproximadamente el 75% de las universidades de cuatro a\u00f1os ofrecen cursos remediales o de desarrollo acad\u00e9mico. En Ramapo, se imparten cursos de lectura, ingl\u00e9s y matem\u00e1ticas.<\/p>\n<p>A diferencia de otras universidades en Nueva Jersey, Ramapo s\u00ed incluye estos cursos en el c\u00e1lculo del promedio acad\u00e9mico (GPA). Los estudiantes de nuevo ingreso tienen la oportunidad de mejorar sus habilidades antes de comenzar el semestre. Seg\u00fan el desempe\u00f1o en verano y las recomendaciones docentes, se puede requerir continuar en estos cursos durante el a\u00f1o acad\u00e9mico.<\/p>\n<\/div><\/div>\n<div class=\"collapsableContent\" tabindex=\"0\"><div class=\"collapsableTitle\"><span class=\"fa-stack\"><i class=\"fa fa-circle fa-stack-2x\"><\/i><i class=\"fa fa-chevron-down fa-stack-1x fa-inverse\"><\/i><i class=\"fa fa-chevron-up fa-stack-1x fa-inverse\"><\/i><\/span>Instrucci\u00f3n Suplementaria (SI)<\/div><div class=\"c_content\">\n<p>El Programa EOF Ramapo ofrece apoyo acad\u00e9mico adicional a trav\u00e9s de sesiones de Instrucci\u00f3n Suplementaria (SI). Estas sesiones son dirigidas por estudiantes l\u00edderes y est\u00e1n dise\u00f1adas para reforzar habilidades de estudio y repaso en formato de seminario, tanto durante el Instituto de Verano Preuniversitario como durante el a\u00f1o acad\u00e9mico. El objetivo es mejorar el rendimiento acad\u00e9mico y la retenci\u00f3n de los estudiantes EOF.<\/p>\n<\/div><\/div>\n<div class=\"divider\"><img decoding=\"async\" src=\"\/wp-content\/themes\/rcnjrd\/images\/icons\/ramapo-arch-icom_rule.png\" alt=\"Ramapo\" \/><\/div>\n<h2>Otros Puntos Destacados del Programa EOF Ramapo<\/h2>\n<div class=\"collapsableContent\" tabindex=\"0\"><div class=\"collapsableTitle\"><span class=\"fa-stack\"><i class=\"fa fa-circle fa-stack-2x\"><\/i><i class=\"fa fa-chevron-down fa-stack-1x fa-inverse\"><\/i><i class=\"fa fa-chevron-up fa-stack-1x fa-inverse\"><\/i><\/span>Estudios en el Extranjero<\/div><div class=\"c_content\">\n<p><img loading=\"lazy\" decoding=\"async\" class=\"size-full wp-image-189 alignright\" style=\"border: 1px solid #BFBFBF;\" src=\"https:\/\/www.ramapo.edu\/eof-program\/wp-content\/uploads\/sites\/20\/2012\/07\/Sierra-Leone.jpg\" alt=\"Sierra-Leone\" width=\"100\" height=\"112\" \/>Los programas de estudio en el extranjero brindan experiencias transformadoras tanto acad\u00e9micas como personales. Por ello, el Programa EOF Ramapo fomenta y apoya financieramente (cuando es posible) la participaci\u00f3n de estudiantes en programas internacionales a corto, largo plazo o durante las vacaciones de primavera.<\/p>\n<\/div><\/div>\n<div class=\"collapsableContent\" tabindex=\"0\"><div class=\"collapsableTitle\"><span class=\"fa-stack\"><i class=\"fa fa-circle fa-stack-2x\"><\/i><i class=\"fa fa-chevron-down fa-stack-1x fa-inverse\"><\/i><i class=\"fa fa-chevron-up fa-stack-1x fa-inverse\"><\/i><\/span>Sociedad de Honor Chi Alpha Epsilon<\/div><div class=\"c_content\">\n<p><img loading=\"lazy\" decoding=\"async\" class=\"size-full wp-image-190 alignright\" style=\"border: 1px solid #BFBFBF;\" src=\"https:\/\/www.ramapo.edu\/eof-program\/wp-content\/uploads\/sites\/20\/2012\/07\/Chi-Alpha.jpg\" alt=\"Chi-Alpha\" width=\"200\" height=\"95\" srcset=\"https:\/\/www.ramapo.edu\/eof-program\/wp-content\/uploads\/sites\/20\/2012\/07\/Chi-Alpha.jpg 200w, https:\/\/www.ramapo.edu\/eof-program\/wp-content\/uploads\/sites\/20\/2012\/07\/Chi-Alpha-100x47.jpg 100w, https:\/\/www.ramapo.edu\/eof-program\/wp-content\/uploads\/sites\/20\/2012\/07\/Chi-Alpha-152x72.jpg 152w\" sizes=\"auto, (max-width: 200px) 100vw, 200px\" \/>La Sociedad de Honor Acad\u00e9mica Chi Alpha Epsilon (XAE) reconoce el esfuerzo y \u00e9xito de estudiantes admitidos a trav\u00e9s de programas de desarrollo acad\u00e9mico como EOF. Para ser miembro, los estudiantes deben mantener un GPA de 3.0 durante dos semestres consecutivos a tiempo completo.<\/p>\n<p>En Ramapo, la secci\u00f3n Alpha Chi fue fundada en el a\u00f1o 2000 y ha inducido a m\u00e1s de 270 estudiantes EOF desde entonces.<\/p>\n<\/div><\/div>\n<div class=\"collapsableContent\" tabindex=\"0\"><div class=\"collapsableTitle\"><span class=\"fa-stack\"><i class=\"fa fa-circle fa-stack-2x\"><\/i><i class=\"fa fa-chevron-down fa-stack-1x fa-inverse\"><\/i><i class=\"fa fa-chevron-up fa-stack-1x fa-inverse\"><\/i><\/span>Mentor\u00eda Docente e Investigaci\u00f3n<\/div><div class=\"c_content\">\n<p><img loading=\"lazy\" decoding=\"async\" class=\" wp-image-191 alignright\" style=\"border: 1px solid #BFBFBF;\" src=\"https:\/\/www.ramapo.edu\/eof-program\/wp-content\/uploads\/sites\/20\/2012\/07\/Mentor-Program.jpg\" alt=\"Mentor-Program\" width=\"192\" height=\"119\" srcset=\"https:\/\/www.ramapo.edu\/eof-program\/wp-content\/uploads\/sites\/20\/2012\/07\/Mentor-Program.jpg 250w, https:\/\/www.ramapo.edu\/eof-program\/wp-content\/uploads\/sites\/20\/2012\/07\/Mentor-Program-100x62.jpg 100w, https:\/\/www.ramapo.edu\/eof-program\/wp-content\/uploads\/sites\/20\/2012\/07\/Mentor-Program-152x94.jpg 152w\" sizes=\"auto, (max-width: 192px) 100vw, 192px\" \/>El Programa EOF Ramapo colabora con los departamentos acad\u00e9micos para conectar a estudiantes con docentes en roles de mentor\u00eda e investigaci\u00f3n. Los objetivos de esta iniciativa son:<\/p>\n<ul>\n<li>Explorar opciones acad\u00e9micas y profesionales mediante relaciones uno a uno con el profesorado.<\/li>\n<li>Facilitar una transici\u00f3n exitosa del entorno universitario al mundo laboral.<\/li>\n<li>Aumentar la matr\u00edcula, retenci\u00f3n y tasa de graduaci\u00f3n de los estudiantes EOF.<\/li>\n<li>Ampliar la percepci\u00f3n sobre campos de estudio, posgrados y oportunidades profesionales.<\/li>\n<\/ul>\n<\/div><\/div>\n","protected":false},"excerpt":{"rendered":"<p>View page in English Desarrollo Estudiantil Los Especialistas en Desarrollo Estudiantil del Programa EOF Ramapo ayudan a los estudiantes a dise\u00f1ar planes educativos compatibles con sus metas personales y profesionales. Adem\u00e1s, asesoran sobre c\u00f3mo adaptarse exitosamente a las demandas acad\u00e9micas y sociales de la vida universitaria. Todos nuestros asesores poseen t\u00edtulos avanzados en diversas \u00e1reas [&hellip;]<\/p>\n","protected":false},"author":1011,"featured_media":0,"parent":0,"menu_order":0,"comment_status":"closed","ping_status":"closed","template":"","meta":{"footnotes":""},"class_list":["post-1853","page","type-page","status-publish","hentry"],"yoast_head":"<!-- This site is optimized with the Yoast SEO Premium plugin v21.5 (Yoast SEO v27.1.1) - https:\/\/yoast.com\/product\/yoast-seo-premium-wordpress\/ -->\n<title>Puntos Destacados del Programa EOF Ramapo College - Educational Opportunity Fund Program || Ramapo College of New Jersey<\/title>\n<meta name=\"description\" content=\"Explora los puntos destacados del Programa EOF Ramapo, incluyendo mentor\u00edas, desarrollo profesional, cursos acad\u00e9micos, estudios en el extranjero y m\u00e1s. Impulsa tu \u00e9xito universitario con apoyo integral.\" \/>\n<meta name=\"robots\" content=\"index, follow, max-snippet:-1, max-image-preview:large, max-video-preview:-1\" \/>\n<link rel=\"canonical\" href=\"https:\/\/www.ramapo.edu\/eof-program\/puntos-destacados-del-programa-eof-ramapo-college\/\" \/>\n<meta property=\"og:locale\" content=\"en_US\" \/>\n<meta property=\"og:type\" content=\"article\" \/>\n<meta property=\"og:title\" content=\"Puntos Destacados del Programa EOF Ramapo College\" \/>\n<meta property=\"og:description\" content=\"Explora los puntos destacados del Programa EOF Ramapo, incluyendo mentor\u00edas, desarrollo profesional, cursos acad\u00e9micos, estudios en el extranjero y m\u00e1s. Impulsa tu \u00e9xito universitario con apoyo integral.\" \/>\n<meta property=\"og:url\" content=\"https:\/\/www.ramapo.edu\/eof-program\/puntos-destacados-del-programa-eof-ramapo-college\/\" \/>\n<meta property=\"og:site_name\" content=\"Educational Opportunity Fund Program\" \/>\n<meta property=\"article:publisher\" content=\"https:\/\/www.facebook.com\/RamapoCollege\" \/>\n<meta property=\"article:modified_time\" content=\"2025-06-12T19:52:41+00:00\" \/>\n<meta property=\"og:image\" content=\"https:\/\/www.ramapo.edu\/eof-program\/wp-content\/uploads\/sites\/20\/2016\/11\/20161103_111125-Andre-Turner-768x1024.jpg\" \/>\n\t<meta property=\"og:image:width\" content=\"768\" \/>\n\t<meta property=\"og:image:height\" content=\"1024\" \/>\n\t<meta property=\"og:image:type\" content=\"image\/jpeg\" \/>\n<meta name=\"twitter:card\" content=\"summary_large_image\" \/>\n<meta name=\"twitter:site\" content=\"@ramapocollegenj\" \/>\n<meta name=\"twitter:label1\" content=\"Est. reading time\" \/>\n\t<meta name=\"twitter:data1\" content=\"4 minutes\" \/>\n<script type=\"application\/ld+json\" class=\"yoast-schema-graph\">{\"@context\":\"https:\/\/schema.org\",\"@graph\":[{\"@type\":\"WebPage\",\"@id\":\"https:\/\/www.ramapo.edu\/eof-program\/puntos-destacados-del-programa-eof-ramapo-college\/\",\"url\":\"https:\/\/www.ramapo.edu\/eof-program\/puntos-destacados-del-programa-eof-ramapo-college\/\",\"name\":\"Puntos Destacados del Programa EOF Ramapo College - Educational Opportunity Fund Program || Ramapo College of New Jersey\",\"isPartOf\":{\"@id\":\"https:\/\/www.ramapo.edu\/eof-program\/#website\"},\"primaryImageOfPage\":{\"@id\":\"https:\/\/www.ramapo.edu\/eof-program\/puntos-destacados-del-programa-eof-ramapo-college\/#primaryimage\"},\"image\":{\"@id\":\"https:\/\/www.ramapo.edu\/eof-program\/puntos-destacados-del-programa-eof-ramapo-college\/#primaryimage\"},\"thumbnailUrl\":\"https:\/\/www.ramapo.edu\/eof-program\/wp-content\/uploads\/sites\/20\/2016\/11\/20161103_111125-Andre-Turner-225x300.jpg\",\"datePublished\":\"2025-05-20T15:52:31+00:00\",\"dateModified\":\"2025-06-12T19:52:41+00:00\",\"description\":\"Explora los puntos destacados del Programa EOF Ramapo, incluyendo mentor\u00edas, desarrollo profesional, cursos acad\u00e9micos, estudios en el extranjero y m\u00e1s. Impulsa tu \u00e9xito universitario con apoyo integral.\",\"breadcrumb\":{\"@id\":\"https:\/\/www.ramapo.edu\/eof-program\/puntos-destacados-del-programa-eof-ramapo-college\/#breadcrumb\"},\"inLanguage\":\"en-US\",\"potentialAction\":[{\"@type\":\"ReadAction\",\"target\":[\"https:\/\/www.ramapo.edu\/eof-program\/puntos-destacados-del-programa-eof-ramapo-college\/\"]}]},{\"@type\":\"ImageObject\",\"inLanguage\":\"en-US\",\"@id\":\"https:\/\/www.ramapo.edu\/eof-program\/puntos-destacados-del-programa-eof-ramapo-college\/#primaryimage\",\"url\":\"https:\/\/www.ramapo.edu\/eof-program\/wp-content\/uploads\/sites\/20\/2016\/11\/20161103_111125-Andre-Turner.jpg\",\"contentUrl\":\"https:\/\/www.ramapo.edu\/eof-program\/wp-content\/uploads\/sites\/20\/2016\/11\/20161103_111125-Andre-Turner.jpg\",\"width\":3024,\"height\":4032},{\"@type\":\"BreadcrumbList\",\"@id\":\"https:\/\/www.ramapo.edu\/eof-program\/puntos-destacados-del-programa-eof-ramapo-college\/#breadcrumb\",\"itemListElement\":[{\"@type\":\"ListItem\",\"position\":1,\"name\":\"Ramapo College of New Jersey Home Page \u00bb Academics \u00bb Educational Opportunity Fund Program\",\"item\":\"https:\/\/www.ramapo.edu\/eof-program\/\"},{\"@type\":\"ListItem\",\"position\":2,\"name\":\"Puntos Destacados del Programa EOF Ramapo College\"}]},{\"@type\":\"WebSite\",\"@id\":\"https:\/\/www.ramapo.edu\/eof-program\/#website\",\"url\":\"https:\/\/www.ramapo.edu\/eof-program\/\",\"name\":\"Educational Opportunity Fund Program\",\"description\":\"Just another Ramapo College of New Jersey Sites site\",\"potentialAction\":[{\"@type\":\"SearchAction\",\"target\":{\"@type\":\"EntryPoint\",\"urlTemplate\":\"https:\/\/www.ramapo.edu\/eof-program\/?s={search_term_string}\"},\"query-input\":{\"@type\":\"PropertyValueSpecification\",\"valueRequired\":true,\"valueName\":\"search_term_string\"}}],\"inLanguage\":\"en-US\"}]}<\/script>\n<!-- \/ Yoast SEO Premium plugin. -->","yoast_head_json":{"title":"Puntos Destacados del Programa EOF Ramapo College - Educational Opportunity Fund Program || Ramapo College of New Jersey","description":"Explora los puntos destacados del Programa EOF Ramapo, incluyendo mentor\u00edas, desarrollo profesional, cursos acad\u00e9micos, estudios en el extranjero y m\u00e1s. Impulsa tu \u00e9xito universitario con apoyo integral.","robots":{"index":"index","follow":"follow","max-snippet":"max-snippet:-1","max-image-preview":"max-image-preview:large","max-video-preview":"max-video-preview:-1"},"canonical":"https:\/\/www.ramapo.edu\/eof-program\/puntos-destacados-del-programa-eof-ramapo-college\/","og_locale":"en_US","og_type":"article","og_title":"Puntos Destacados del Programa EOF Ramapo College","og_description":"Explora los puntos destacados del Programa EOF Ramapo, incluyendo mentor\u00edas, desarrollo profesional, cursos acad\u00e9micos, estudios en el extranjero y m\u00e1s. Impulsa tu \u00e9xito universitario con apoyo integral.","og_url":"https:\/\/www.ramapo.edu\/eof-program\/puntos-destacados-del-programa-eof-ramapo-college\/","og_site_name":"Educational Opportunity Fund Program","article_publisher":"https:\/\/www.facebook.com\/RamapoCollege","article_modified_time":"2025-06-12T19:52:41+00:00","og_image":[{"width":768,"height":1024,"url":"https:\/\/www.ramapo.edu\/eof-program\/wp-content\/uploads\/sites\/20\/2016\/11\/20161103_111125-Andre-Turner-768x1024.jpg","type":"image\/jpeg"}],"twitter_card":"summary_large_image","twitter_site":"@ramapocollegenj","twitter_misc":{"Est. reading time":"4 minutes"},"schema":{"@context":"https:\/\/schema.org","@graph":[{"@type":"WebPage","@id":"https:\/\/www.ramapo.edu\/eof-program\/puntos-destacados-del-programa-eof-ramapo-college\/","url":"https:\/\/www.ramapo.edu\/eof-program\/puntos-destacados-del-programa-eof-ramapo-college\/","name":"Puntos Destacados del Programa EOF Ramapo College - Educational Opportunity Fund Program || Ramapo College of New Jersey","isPartOf":{"@id":"https:\/\/www.ramapo.edu\/eof-program\/#website"},"primaryImageOfPage":{"@id":"https:\/\/www.ramapo.edu\/eof-program\/puntos-destacados-del-programa-eof-ramapo-college\/#primaryimage"},"image":{"@id":"https:\/\/www.ramapo.edu\/eof-program\/puntos-destacados-del-programa-eof-ramapo-college\/#primaryimage"},"thumbnailUrl":"https:\/\/www.ramapo.edu\/eof-program\/wp-content\/uploads\/sites\/20\/2016\/11\/20161103_111125-Andre-Turner-225x300.jpg","datePublished":"2025-05-20T15:52:31+00:00","dateModified":"2025-06-12T19:52:41+00:00","description":"Explora los puntos destacados del Programa EOF Ramapo, incluyendo mentor\u00edas, desarrollo profesional, cursos acad\u00e9micos, estudios en el extranjero y m\u00e1s. Impulsa tu \u00e9xito universitario con apoyo integral.","breadcrumb":{"@id":"https:\/\/www.ramapo.edu\/eof-program\/puntos-destacados-del-programa-eof-ramapo-college\/#breadcrumb"},"inLanguage":"en-US","potentialAction":[{"@type":"ReadAction","target":["https:\/\/www.ramapo.edu\/eof-program\/puntos-destacados-del-programa-eof-ramapo-college\/"]}]},{"@type":"ImageObject","inLanguage":"en-US","@id":"https:\/\/www.ramapo.edu\/eof-program\/puntos-destacados-del-programa-eof-ramapo-college\/#primaryimage","url":"https:\/\/www.ramapo.edu\/eof-program\/wp-content\/uploads\/sites\/20\/2016\/11\/20161103_111125-Andre-Turner.jpg","contentUrl":"https:\/\/www.ramapo.edu\/eof-program\/wp-content\/uploads\/sites\/20\/2016\/11\/20161103_111125-Andre-Turner.jpg","width":3024,"height":4032},{"@type":"BreadcrumbList","@id":"https:\/\/www.ramapo.edu\/eof-program\/puntos-destacados-del-programa-eof-ramapo-college\/#breadcrumb","itemListElement":[{"@type":"ListItem","position":1,"name":"Ramapo College of New Jersey Home Page \u00bb Academics \u00bb Educational Opportunity Fund Program","item":"https:\/\/www.ramapo.edu\/eof-program\/"},{"@type":"ListItem","position":2,"name":"Puntos Destacados del Programa EOF Ramapo College"}]},{"@type":"WebSite","@id":"https:\/\/www.ramapo.edu\/eof-program\/#website","url":"https:\/\/www.ramapo.edu\/eof-program\/","name":"Educational Opportunity Fund Program","description":"Just another Ramapo College of New Jersey Sites site","potentialAction":[{"@type":"SearchAction","target":{"@type":"EntryPoint","urlTemplate":"https:\/\/www.ramapo.edu\/eof-program\/?s={search_term_string}"},"query-input":{"@type":"PropertyValueSpecification","valueRequired":true,"valueName":"search_term_string"}}],"inLanguage":"en-US"}]}},"_links":{"self":[{"href":"https:\/\/www.ramapo.edu\/eof-program\/wp-json\/wp\/v2\/pages\/1853","targetHints":{"allow":["GET"]}}],"collection":[{"href":"https:\/\/www.ramapo.edu\/eof-program\/wp-json\/wp\/v2\/pages"}],"about":[{"href":"https:\/\/www.ramapo.edu\/eof-program\/wp-json\/wp\/v2\/types\/page"}],"author":[{"embeddable":true,"href":"https:\/\/www.ramapo.edu\/eof-program\/wp-json\/wp\/v2\/users\/1011"}],"replies":[{"embeddable":true,"href":"https:\/\/www.ramapo.edu\/eof-program\/wp-json\/wp\/v2\/comments?post=1853"}],"version-history":[{"count":14,"href":"https:\/\/www.ramapo.edu\/eof-program\/wp-json\/wp\/v2\/pages\/1853\/revisions"}],"predecessor-version":[{"id":1917,"href":"https:\/\/www.ramapo.edu\/eof-program\/wp-json\/wp\/v2\/pages\/1853\/revisions\/1917"}],"wp:attachment":[{"href":"https:\/\/www.ramapo.edu\/eof-program\/wp-json\/wp\/v2\/media?parent=1853"}],"curies":[{"name":"wp","href":"https:\/\/api.w.org\/{rel}","templated":true}]}}